. What is u(d)?
-74
Let u(r) = 8*r**2 - 3*r + 3. Let l = 1422 - 1420. Calculate u(l).
29
Let v(d) = 2*d**2 + 5*d - 4. Suppose 2*u = -0*u + 42. Let b = 17 - u. Determine v(b).
8
Let c(m) = m**2 - 8*m + 7. Let o = -103 - -109. Determine c(o).
-5
Let p(s) = 3*s**3 - 3*s**2 + 5*s + 9. Let x(b) = 10*b**3 - 10*b**2 + 19*b + 30. Let q(v) = 7*p(v) - 2*x(v). What is q(0)?
3
Let y(n) = 2*n - 8. Let t(k) = -k**3 - 38*k**2 + k + 48. Let s be t(-38). Give y(s).
12
Let k = 507 + -509. Let w(a) = -3*a**2 + 2*a + 9. What is w(k)?
-7
Let r(n) = -n + 3*n + 602 - 608. Give r(3).
0
Let s be ((-3)/(-9) - 1) + (-40)/(-6). Let g(c) = -17 + 3*c + 1 + s. Calculate g(7).
11
Let h(o) = -3*o**2 - 10*o - 12. Let z(c) = -13*c**2 + 18 - 40*c - 46 - 20. Let f(p) = 9*h(p) - 2*z(p). Give f(-8).
4
Let p(h) = 8*h + 11 - 14*h - 13. Give p(-1).
4
Let t be (2/(-4))/(2/(-16)). Suppose -2*h - t = -0*h. Let w(d) = 0 + 2 + 5*d - 2*d. What is w(h)?
-4
Let m(o) = o**2 + 2*o + 6*o + 17*o + 7 - 15*o + 0*o. Determine m(-9).
-2
Let a(b) = -8*b - b**2 + 9*b + 9 + 0*b**2. Calculate a(4).
-3
Let d(r) = 3*r + 2. Let g = 3 - 2. Suppose b - 5 = 0, -g = -2*v + 5*b - 30. Let l(x) = 2*x. Let a(z) = v*d(z) + 4*l(z). Give a(4).
4
Let p(u) = u + 8. Let h = -13 - -23. Suppose z - h = 2. Let s = z - 12. Give p(s).
8
Let h(l) be the third derivative of l**5/60 - l**4/8 + 103*l**2. Calculate h(2).
-2
Suppose -11*s = 3 + 52. Let r(f) = -3*f - 11. Determine r(s).
4
Let w(m) = -m**2 + 4*m + 3. Let x(k) = 6*k - 4. Let j(z) = -1. Let o(p) = -2*j(p) + x(p). Let u be o(0). Determine w(u).
-9
Let k be (-8)/(-10)*5/2. Let u(a) = 5*a**2 - 2*a**2 + k*a - a**2 + 0*a**2. Suppose 0 = -2*w + 19 - 23. Calculate u(w).
4
Let g(l) = -6*l**3 - 3*l**2 - 3*l - 1. Let f be g(-1). Let j(b) = b**2 - 2*b - 2. Determine j(f).
13
Let i be (1 + -1)*(185/15 - 12). Let c(q) be the third derivative of 3/2*q**3 - 1/3*q**4 + i*q + 0 - 4*q**2 + 1/60*q**5. Calculate c(6).
-3
Let a(i) be the second derivative of i**3/6 + 13*i**2/2 - i - 16. Calculate a(-7).
6
Let o(w) = 11*w + 2. Let l(c) = 27*c + 5. Let i(v) = 3*l(v) - 7*o(v). Give i(-6).
-23
Let a(q) = 3*q**2 - 10*q + 6. Let x(o) = 13*o**2 - 40*o + 24. Let r(u) = 9*a(u) - 2*x(u). Suppose g - 50 = -4*g. Calculate r(g).
6
Let u = 21 - 15. Let x(k) = -3*k - 10*k - 4*k + 3*k + 21. Let y(l) = 5*l - 7. Let q(d) = 4*x(d) + 11*y(d). Determine q(u).
1
Let y be 3/(-9) + (-74)/(-6). Let l be (y/10)/(4/20). Let t(x) = x**3 - 6*x**2 - x + 7. Determine t(l).
1
Let i(b) = -b**3 + 11*b**2 + 3*b + 20. Let g(t) = t**3 + t**2 - t - 5. Let f(o) = -3*g(o) - i(o). Calculate f(-7).
-5
Let b = -6 - -11. Let a(r) = -7*r + 2. Let d(y) = 4*y - 70. Let i be d(19). Let p(x) = 8*x - 2. Let h(k) = b*p(k) + i*a(k). Calculate h(2).
-2
Let u(k) be the second derivative of k**4/12 - k**3/3 + k**2/2 - 2*k + 4. What is u(3)?
4
Let l(x) = -3*x - 1. Let b be 6*2/(-3)*1. Let d(f) = f. Let r(h) = b*l(h) - 9*d(h). Let n = -136 - -132. What is r(n)?
-8
Let x be (1/3 - 1)*3. Suppose 0 = -5*v + 3*l + 119, 0 = -2*v + l + 2*l + 53. Let r(a) = -v + 4*a + 17 + 7. Calculate r(x).
-6
Let x(c) = -c**2 + c - 1. Let t(j) = -3*j**2 + 15*j - 1. Let k(v) = -t(v) + 5*x(v). What is k(-5)?
-4
Suppose 102 = -3*s + s + 2*q, 0 = q - 4. Let v = 49 + s. Let o(z) = -3*z**2 + 4*z - 2. Give o(v).
-6
Let z(j) = 2*j + 1. Let g = 19 - 25. Let w be (-2)/g*(-6 - -9). Give z(w).
3
Let h(o) = o**3 + 8*o**2 + 4. Suppose -2*l - 100 = 3*l. Let f = 12 + l. Let r be h(f). Let u(z) = z**2 - 1. What is u(r)?
15
Suppose 4*w - 5 = 4*i + 11, i - 5*w = -24. Let s be 2*i + (-14 - -7). Let k(z) = z + 12. Determine k(s).
7
Let c(m) = -m + 9. Let q be c(4). Suppose q*n + 4*s + 0*s = -11, -2*n - 5 = s. Let v(d) be the second derivative of 2*d**3/3 + 2*d**2 - 2*d + 7. What is v(n)?
-8
Let m(f) = f - 2. Let d(g) = 2*g - 5. Let n(j) = -4*d(j) + 7*m(j). Let p(q) = q**2 + 2. Let h be p(2). Calculate n(h).
0
Let k = -10 + 14. Let w(n) = -n**2 - 8*n + 2. Let o be w(-8). Let x(z) = 0 + z**2 - 2*z - k + 5*z + o. Determine x(-4).
2
Let y(d) = d + 3. Let c = -37 + 35. Let f be 2/(-1) + c + 1. Give y(f).
0
Suppose 2*c + 16 = 5*y, 2*c = 2*y - c - 13. Let h be 2/(-6) + 2/6. Let g(s) = -2 + h - 3*s + s**y + 7*s - 4. What is g(-5)?
-1
Let t(d) = -d**2 - 6*d + 9. Let h be t(-7). Let q(s) = 6*s**h + 8*s + 4 + s - s**3 - 3*s + 0*s. Determine q(7).
-3
Let n(g) = 0 + g**3 + 3*g - 2 + 4*g**2 - 2*g. Suppose 5*h - 2*o = 23, -h + 6 = 4*o + 19. Suppose -u = h*u + 12. What is n(u)?
4
Let m(j) = -j**2 - 34*j + 101. Let w be m(-37). Let i(f) = f**2 + 12*f + 9. Determine i(w).
-11
Let c(v) = v**2 + 10*v + 13. Let k be 41/3 - (-1)/3. Let l = 5 - k. Let s be c(l). Let d(g) = 2*g - 2. Determine d(s).
6
Let f(o) = -1838*o + 5510*o - 1832*o - 1841*o + 16. Give f(-7).
23
Let j = -53 + 56. Let q(r) = 5*r + 2*r**2 + 4*r**2 - r**2 + j - 4*r**2. Give q(-5).
3
Let c = 2 - 8. Let t(g) be the third derivative of -g**5/60 - g**4/6 + 4*g**3/3 - 181*g**2. Calculate t(c).
-4
Let g(n) be the first derivative of -n**3/3 + 23*n + 433. Calculate g(0).
23
Let j(n) be the first derivative of 19 - n**2 - n - 2/3*n**3. Calculate j(-3).
-13
Let z be (-14)/(-80) - -7*3/(-168). Let o(f) be the second derivative of -z*f**5 + 0 - f**3 + 3*f + 1/2*f**4 - 1/2*f**2. Calculate o(5).
-6
Let k(s) = 3*s**3 - 16*s**2 - 5*s - 31. Let f be k(6). Let h(c) = -c**3 + 12*c**2 - 12*c + 14. Give h(f).
3
Let y(s) = -2*s**2 + 9*s - 7. Let w be y(6). Let d = 24 + w. Let q(c) be the first derivative of -3*c**2/2 - 1. What is q(d)?
3
Suppose 0 = 3*d - 36 + 6. Let m be d/(-1)*10/(-20). Let y(c) = 4*c**2 + 0*c**3 + 2 - 2*c**2 + 3*c**2 - c**3 - m*c. Determine y(4).
-2
Suppose 191 = -2*q - 55. Let z = 127 + q. Let y(m) = m**2 - 2*m + 2. Calculate y(z).
10
Let f(r) = 0*r + 2*r + 9 - 3*r. Let u = 11 + -8. Suppose 5*i = 5*q + 5, u*q = -q + 3*i - 3. Determine f(q).
9
Let d(j) = -3 - 53*j + j**2 - 53*j + 114*j. Let p(i) be the second derivative of -i**4/12 - i**3/6 + 2*i. Let y(u) = d(u) + 4*p(u). Give y(2).
-7
Let r(d) = -d**3 - 3*d**2 - d. Let z be r(-3). Let x(u) = 2*u**2 + 13 - 21 + u**2 + 6 - 2*u - u**3. Determine x(z).
-8
Suppose 6*q = 10*q - 8. Let f(l) = 2 + 3*l + l**2 + 2*l - 2*l**2 + q. Calculate f(6).
-2
Let r(c) = c + 7. Let g be r(-11). Let z(j) = 2*j**3 + j**2 + j + 7. Let p(s) = -2*s**3 - s**2 - 2*s - 8. Let d(m) = g*p(m) - 5*z(m). Determine d(2).
-17
Let c(f) be the second derivative of -f**3/6 - 2*f**2 - 41*f. Let b be (-24)/30*75/(-2). Suppose a - b = 4*u - 3, 36 = -5*u + 2*a. Give c(u).
2
Let m(v) = 3*v - 21. Suppose 0 = 10*g - 66 + 16. Determine m(g).
-6
Let q(f) = 14*f + 20. Let c(k) = 9*k + 18. Let u(s) = 3*c(s) - 2*q(s). Determine u(6).
8
Let k = -7 + 12. Suppose 2*g = -0*g + 22. Let l(o) = -o - o + g + o. What is l(k)?
6
Let g(o) = -2*o + 2. Suppose 4*b - 8 = -0*b. Let d = b - -10. Suppose 2*t - d = 5*t. What is g(t)?
10
Let z = 288 + -291. Let p(u) = -215*u + 218*u + 0 + 3. Determine p(z).
-6
Let u(k) = -k**3 + 10*k**2 - 8*k - 6. Let z be u(9). Let v(l) = -6*l**z - 1 + 7*l**3 - l**2 - 2 - 2. Give v(0).
-5
Let h(d) = -d + 9. Suppose 3*i = 2*a + 4, -3*i = -a - 8*i + 24. Determine h(a).
5
Let o(y) = 2*y - 22. Let b(z) = z**2 + 6*z - 66. Let a be b(-12). What is o(a)?
-10
Suppose -5*p = -421 + 46. Suppose 5*j + p = 7*v - 2*v, -3*j = 9. Suppose 2*g - 4 = -v. Let i(r) = 6*r + 5. Calculate i(g).
-19
Let p(g) = -g + 10. Let u be p(8). Let j be (1 - -9) + 9*(-3)/(-9). Suppose l = 5*t + j, -t + 2*l - 1 = -u. Let a(d) = -2*d**2 - 3*d - 3. Calculate a(t).
-12
Let c(t) = -89 + 50 + 40 + t. Determine c(-1).
0
Let b = 27 + -29. Let j be (-2)/3*6/(-8)*b. Let c(z) = -7*z - 1. What is c(j)?
6
Let f(w) = -27*w**2 - 27*w**2 - 4*w**3 - w - w + 87*w**2 - 36*w**2. Calculate f(-1).
3
Let v = -122 + 130. Let q(l) = -l + 5. Give q(v).
-3
Suppose 4*c + 32 = -4*y, 3*y - 6*c + 16 = -c. Let i(u) = 5*u**3 - 2*u**2 - 7*u + 11. Let h(s) = -s**3 - s**2 - 1. Let v(a) = 6*h(a) + i(a). What is v(y)?
5
Let f = 234 + -223. Let b(r) = -r**2 + 9*r + 16. Determine b(f).
-6
Let c(n) = n**2 + 4*n + 2. Suppose 16 + 58 = -2*b. Let w = b + 33. Give c(w).
2
Let z(c) = c**3 - 4*c**2 - 6*c + 7. Let d = -67 + 75. Suppose d = 2*f - 2. Calculate z(f).
2
Let y(h) = h + 3*h - 5 + 15 - 14. What is y(5)?
16
Let r(i) be the second derivative of -i**5/40 + i**4/8 - 13*i**3/6 - 10*i. Let b(v) be th